).
18
Let f(i) = -i**3 - i + 2. Let u(l) = -2*l**3 + 3*l**2 - 3*l + 3. Let x(h) = -3*f(h) + u(h). Give x(-3).
-3
Let a(r) be the first derivative of r**2/2 + 5*r - 3. Suppose b + 1 = 3. Let z = b + -7. What is a(z)?
0
Let v(n) be the first derivative of n**6/120 - n**5/15 + n**4/12 - 5*n**3/6 - 3*n**2/2 - 5. Let u(r) be the second derivative of v(r). Determine u(4).
3
Let v(o) = 5*o**2 + 15*o + 6. Let k(p) = p**2 + 3*p + 1. Let i(n) = 11*k(n) - 2*v(n). Suppose 4*d = 4*s, 22 = -5*s + 7. Give i(d).
-1
Let x(b) be the second derivative of b**5/20 - b**4/2 + 5*b**2/2 - b. Let f = 1 + 5. What is x(f)?
5
Let a(h) = h**3 - 4*h**2 - 6*h + 3. Let i be (9/(27/6))/((-3)/(-6)). What is a(i)?
-21
Let l(y) be the third derivative of -7*y**5/60 - y**4/4 + y**3/2 + 8*y**2. Let h(s) = -13*s**2 - 12*s + 5. Let v(c) = 6*h(c) - 11*l(c). Determine v(-4).
5
Let l(f) = f**3 + 4*f**2 - 11*f + 6. Let w be l(-6). Let c(z) = z - 1. Calculate c(w).
-1
Let l(y) = -4*y - 1. Suppose 5*p - 382 = -82. Suppose -3*g - p = -3*c, c - 30 = g - 2*g. Let d be (-6 - -1)*10/c. Give l(d).
7
Suppose -3*y + y - 2*b = 4, 2*y + 10 = -5*b. Let q(j) = y*j + 0*j + j - 8. What is q(0)?
-8
Let d(a) = -70 - 5*a + a**2 + 43 + 32. What is d(5)?
5
Suppose -k - 3*i = 3, 13 - 4 = 5*k + 3*i. Let t(o) be the first derivative of o**4/4 - o**3 - o**2 + 4*o + 1. Give t(k).
-2
Let v(d) = d**3 + 4*d**2 - 5*d - 5. Let a(k) = -2*k**3 - 8*k**2 + 10*k + 11. Let l(b) = -2*a(b) - 5*v(b). What is l(-5)?
3
Let s(v) = -7*v + 1. Let r be s(-1). Let c(n) = -17*n**3 + 3*n**2 + 8. Let g(j) = -6*j**3 + j**2 + 3. Let k(t) = r*g(t) - 3*c(t). Determine k(1).
2
Let m(w) be the second derivative of w**6/360 - w**4/6 - 7*w**3/6 - 5*w. Let q(t) be the second derivative of m(t). Suppose -6*s + s = 0. Determine q(s).
-4
Let h(k) = -k. Let a be h(-3). Let v(b) be the first derivative of -2*b**2 - 3*b - 4. Let g(f) = 9*f + 7. Let c(r) = a*g(r) + 7*v(r). Give c(4).
-4
Suppose -20 = x + 4*x. Let i(k) be the second derivative of k**3/6 - 3*k**2/2 + 3*k. Calculate i(x).
-7
Let c(b) = 8 + 2 + b - 11 + 6*b. Give c(1).
6
Let o(d) = 499*d**2 - 251*d**2 - 250*d**2 + 3*d + 3*d**3 - 1. Determine o(2).
21
Suppose -u + 8 = 3*u. Let i(j) = -1 - 1 + j**2 - u - 5*j + 2. What is i(6)?
4
Suppose 3*h - 1 - 5 = 0. Let a(k) = -7*k**3 + 7*k**2 + 6. Let o(w) = 6*w**3 - 6*w**2 - 5. Let l(g) = -5*a(g) - 6*o(g). What is l(h)?
-4
Let v(u) be the third derivative of u**6/720 + u**5/60 - u**4/24 - 3*u**2. Let a(w) be the second derivative of v(w). Let z = -2 + -4. Calculate a(z).
-4
Let o(k) = k**3 - 6*k**2 - 7*k - 4. Let y = -18 + 25. Calculate o(y).
-4
Let n(c) = -1 + 2*c - 3*c + 0*c. Let q(g) = -7*g + 1. Let a be q(-1). Suppose a = z + z. Give n(z).
-5
Let y(p) = -7 - 53*p - 4 + p**2 + 61*p. Calculate y(-9).
-2
Let q(a) = -2*a**2 + a. Suppose 0 = -4*i - 0*i - 32. Let l = -7 - i. Determine q(l).
-1
Let l be 18/(-4) + 15/10. Let s(q) = -q + 4. Give s(l).
7
Let b(x) be the third derivative of -x**5/30 + x**4/6 - x**3/6 + 10*x**2. Determine b(3).
-7
Let k(d) = d**2 - d + 4*d + 0*d**2. Let y be 27/3 - 3 - -2. Let f be (y - 3)*4/(-10). Give k(f).
-2
Let a(n) = 2*n - n - 6 - 2*n. Suppose 2*j = -2*q - 6, 2*q - j + 11 = -4. Calculate a(q).
0
Let p(s) be the second derivative of -2*s**2 + 0*s**4 - 3*s + 0 + 0*s**3 - 1/20*s**5. Calculate p(0).
-4
Let j(g) = -12 + 21 + g**2 - 7 + 3*g. Give j(-2).
0
Let y(j) = j. Let u be y(6). Let h(g) = -g**2 + g + 1. Let b(p) = 5*p**2 - 3*p + 1. Let w(a) = b(a) + 6*h(a). Determine w(u).
-11
Let y(k) = k**3 - 6*k**2 - k + 7. Let w be y(6). Let s = 6 - w. Suppose 0 = -g - 0*g - 2, -s*r - 2*g + 1 = 0. Let f(n) = n. Determine f(r).
1
Let j = 2 + -13. Let c = 15 + j. Let b = 3 - c. Let z(u) = 4*u - 1. What is z(b)?
-5
Let l(k) = 9*k**3 + 17*k**2 + 9*k + 7. Let p(f) = -5*f**3 - 9*f**2 - 5*f - 4. Let u(y) = 4*l(y) + 7*p(y). Give u(-5).
-5
Let h(c) = c**2 - 8*c + 1. Let z(q) be the first derivative of q**4/4 - 5*q**3/3 + 5*q**2/2 + q - 2. Let w be z(4). Give h(w).
-14
Let q(l) = 8*l - 4. Let b(n) = 2*n - 1. Let g(a) = 3*b(a) - q(a). Let h = 4 - 8. Calculate g(h).
9
Let t(i) = -3*i**2 - 2. Let a(v) = 10*v**2 - v + 5. Let x(w) = 3*a(w) + 8*t(w). Let g(c) = 6*c**2 - 2*c - 1. Let q(s) = 3*g(s) - 2*x(s). Determine q(-1).
5
Let v(l) = -l**2 - 3*l + 4. Let m(g) = -g + 1. Let s(i) = -3*m(i) + v(i). Determine s(-1).
0
Let k(d) = -d**3 + 4*d**2 + 2*d - 5. Let v be k(4). Let z(a) = a**3 - 3*a**2 - 2*a - 2. Determine z(v).
-8
Let m(q) = q**2 + 7*q - 6. Let d be m(-9). Suppose 4*z + 4*y + 8 = 7*y, 4*z - d = -2*y. Let h(t) = -7*t**3 - t**2 + 1. What is h(z)?
-7
Suppose -4*i = -6*i + l, -3*i + l = -2. Let q be 1/(-2)*(-6 + i). Let a(v) = -2*v + 1. Calculate a(q).
-3
Let c(w) = 3*w + 1 - 2 - 2*w. Let k = 1 - -1. Suppose -5*u + 5*g + 5 = 0, 5*u - 2*g = k - 0. What is c(u)?
-1
Let d = 13 - 16. Let y(w) = w**2 + 2*w - 2. Determine y(d).
1
Let x(k) = k**3 - k**2 - 3*k - 1. Let n be x(-1). Let i(y) be the second derivative of -y**2 + 1/4*y**4 + 1/20*y**5 + n - y**3 + 2*y. What is i(-4)?
6
Let h(a) = -2*a**2 + 2*a - 1. Let u(i) = -2 - 1 + 5*i + 14*i**2 - 10*i**2 - 8*i**2. Let r(f) = -7*h(f) + 3*u(f). Give r(2).
8
Let t(u) = 5*u**3 - 10*u**2 - 14*u + 15. Let j(l) = 2*l**3 - 3*l**2 - 5*l + 5. Let a(z) = z - 5. Let w be a(8). Let o(d) = w*t(d) - 8*j(d). Determine o(-5).
-10
Let o(b) = 4*b + 2*b**2 - 35 - 12*b**3 + 13*b**3 + 38. Let u(v) = v. Let y be u(-2). What is o(y)?
-5
Let g(a) be the first derivative of -a**3/3 - 2*a**2 - 4*a + 2. Suppose -52 + 7 = 5*f. Let b be (2 - 3)/((-3)/f). Calculate g(b).
-1
Let u(v) be the first derivative of 1/6*v**4 + 3/2*v**2 + v + 1 + 1/2*v**3. Let i(s) be the first derivative of u(s). Give i(-2).
5
Let n(s) = -s**3 - 2*s**2 + 2*s - 2. Let y be n(-3). Let j(f) = 10*f**2 + 1 - 4*f**2 + 0*f**2. Give j(y).
7
Suppose 3*w - 14 = h, 3*w - 5*h = -0*h + 34. Suppose -w*r = 2*d + r + 18, r = 2*d + 8. Let b(g) = g**3 + 6*g**2 + 6*g + 7. What is b(d)?
2
Let y(q) be the third derivative of q**4/24 + q**3/3 - 22*q**2. What is y(3)?
5
Suppose -4*a + a = 0. Let y(f) = -f**2 + f + 5. Let x be y(a). Let q(m) = m**3 - 4*m**2 - 6*m - 1. Determine q(x).
-6
Suppose -6*c = -c - 15, 3*c - 29 = -4*j. Let r(g) = g - 7. Calculate r(j).
-2
Let t = -7 + 13. Let p = t - 4. Let s(x) = -5 + 0*x**2 + 5*x**p + 5*x - 4*x**2. What is s(-5)?
-5
Let t be 260/45 + (-4)/(-18). Let m(o) = -o**3 + 5*o**2 + 7*o - 9. Calculate m(t).
-3
Suppose 0 = 5*d - 5*h, d - 5*d = -5*h. Let n be (-1 - -1 - d)/(-1). Let k(s) = -s**2 + s - 4. Determine k(n).
-4
Let u(y) = -14*y**2 - y**3 + 5*y + 15*y**2 + 7 + 3*y**2. What is u(5)?
7
Let f be (-5)/((-5)/(-6))*-1. Let r(m) = m - 10. Let u(x) = -1. Let a(y) = r(y) - 2*u(y). Calculate a(f).
-2
Let v(n) = 4*n**3 + 6*n**2 + 5*n - 19. Let m(w) = 3*w**3 + 4*w**2 + 3*w - 13. Let s(j) = -7*m(j) + 5*v(j). Give s(3).
-1
Let q(f) be the first derivative of f**3/3 - 7*f**2/2 + 2*f + 9. Calculate q(4).
-10
Let u(m) = -2*m**2 + 5*m - 1. Let o(v) = -v**2 + v + 1. Let j(y) = -3*o(y) + u(y). What is j(-3)?
-1
Let o(z) be the third derivative of z**6/120 - z**5/20 - 5*z**4/24 + 5*z**3/6 - 18*z**2. Calculate o(4).
1
Let g(d) = d**2 + 4*d - 3. Let a(v) = v**3 + 3*v**2 - 5*v - 3. Let x be a(-4). Suppose -4*f + 4*m = 28, -m - x = -3. Calculate g(f).
2
Let o(v) be the first derivative of -8*v**3/3 - v**2/2 + 6. Determine o(-1).
-7
Let o(k) = -4*k**3 + 0*k + 2*k**2 - k**2 + k - 2*k. Let f be 25/20 - 1/4. Determine o(f).
-4
Let c(g) = g**3 - 7*g**2 + 6*g + 6. Suppose 2*f + 0*x + x = 16, 5*x = f + 14. Determine c(f).
6
Let v(h) = h**3 + 5*h**2 + 5*h + 5. Suppose -38*p + 36*p = 10. Suppose 7*s - 2*s = 75. Let j be 18/p - 6/s. Calculate v(j).
1
Let h = -15 + 10. Let c(q) = -q**3 - 7*q**2 - 7*q + 1. Give c(h).
-14
Suppose 5*o - 30 = 5. Let c = -13 - -8. Let i(l) = 10*l + 13. Let u(t) = 7*t + 9. Let b(d) = c*i(d) + o*u(d). Give b(-4).
2
Let w(j) = -j**3 - 5*j**2 - 4*j - 4. Let x = 20 - 11. Let h(r) = -4*r**3 - 20*r**2 - 16*r - 17. Let u(c) = x*w(c) - 2*h(c). Give u(-2).
-6
Suppose 4*j + 2*z - 64 = 0, -5*j + 68 = -j + 4*z. Suppose j = 4*g + g. Let q(i) = -3*i + 2*i - g*i. Give q(-1).
4
Let o(q) = 3*q**2 - 1. Suppose 3*z - 7*z + 2*v - 4 = 0, z + 1 = -v. What is o(z)?
2
Let y(r) = 4*r**2 + 2*r - 1. Suppose -b - b + 3*i + 27 = 0, -10 = -2*i. Suppose -16*h - 5 = -b*h. Wh